rue
Does 12 divide 512408803?
False
Does 2499 divide 64921282?
False
Does 113 divide 49200754?
False
Does 75 divide 278618770?
False
Is 347 a factor of 1202607269?
True
Is 47717215 a multiple of 35?
True
Does 95 divide 104012270?
True
Is 311546487 a multiple of 685?
False
Does 203 divide 5304390?
True
Does 579 divide 127569830?
False
Is 66402233 a multiple of 4572?
False
Is 68751124 a multiple of 252?
False
Does 802 divide 42200371?
False
Is 1223699925 a multiple of 2477?
True
Is 38179942 a multiple of 6?
False
Does 7 divide 2069371493?
True
Is 1388 a factor of 1201942764?
True
Does 73 divide 3147630?
False
Is 15300616 a multiple of 212?
False
Is 438 a factor of 103361868?
True
Is 1742385906 a multiple of 35?
False
Does 4 divide 32339636?
True
Does 33 divide 171876375?
True
Does 207 divide 76528744?
False
Is 32912124 a multiple of 49?
True
Does 827 divide 71338674?
True
Is 79859895 a multiple of 11?
False
Is 57 a factor of 2146361?
False
Is 67299798 a multiple of 8?
False
Does 13 divide 510666?
True
Does 584 divide 157836462?
False
Is 307761012 a multiple of 8892?
True
Is 12 a factor of 192203892?
True
Is 23 a factor of 104983339?
True
Is 3683205310 a multiple of 429?
False
Does 609 divide 5754102?
False
Is 3536148579 a multiple of 541?
True
Does 2 divide 1564294?
True
Is 1121247322 a multiple of 26?
True
Is 117 a factor of 5485575?
False
Is 8865434346 a multiple of 12110?
False
Is 18 a factor of 55030298?
False
Is 7619 a factor of 3265157607?
False
Is 16 a factor of 94063247?
False
Does 5 divide 51768820?
True
Does 605 divide 329811224?
False
Is 845009810 a multiple of 14?
False
Is 70771562 a multiple of 712?
False
Is 8 a factor of 231367560?
True
Does 220 divide 85172812?
False
Is 33926355 a multiple of 3?
True
Does 9 divide 50641245?
True
Is 101 a factor of 68488807?
True
Does 10 divide 8965790?
True
Is 23272623 a multiple of 5?
False
Does 831 divide 93317145?
True
Is 13872642 a multiple of 1186?
True
Is 188 a factor of 26887948?
True
Is 231845400 a multiple of 450?
True
Does 39 divide 5119612875?
True
Does 7 divide 342682389?
True
Does 97 divide 4946030?
True
Is 52965274 a multiple of 19?
True
Is 12627713 a multiple of 23?
True
Is 462 a factor of 4590120?
False
Is 344 a factor of 10469296?
True
Does 548 divide 4300285394?
False
Is 425 a factor of 1320835553?
False
Is 81 a factor of 540682443?
False
Is 184521708 a multiple of 84?
True
Does 839 divide 250222872?
False
Is 91521041 a multiple of 257?
True
Does 489 divide 14783431?
False
Is 471633639 a multiple of 176?
False
Does 105 divide 11658045?
True
Is 13638139 a multiple of 328?
False
Is 1369 a factor of 27186971?
True
Is 53147310 a multiple of 3270?
True
Does 11 divide 1576244?
False
Is 665 a factor of 14814205?
True
Is 783879829 a multiple of 13?
False
Is 80 a factor of 2080752932?
False
Is 73351488 a multiple of 168?
True
Is 1742118177 a multiple of 413?
False
Does 14 divide 46848701?
False
Is 36998151 a multiple of 290?
False
Is 214316079 a multiple of 1079?
False
Is 371 a factor of 482501453?
True
Is 345 a factor of 64427746?
False
Is 8 a factor of 5616960?
True
Is 16 a factor of 1316775313?
False
Is 1546 a factor of 120878648?
True
Is 77716496 a multiple of 104?
True
Is 3926 a factor of 392253477?
False
Is 83 a factor of 23213990?
False
Is 13 a factor of 49974275?
True
Is 659 a factor of 297737518?
True
Is 346115980 a multiple of 20?
True
Is 803545302 a multiple of 1565?
False
Is 153 a factor of 9646038?
True
Is 1502850 a multiple of 7577?
False
Does 14 divide 33759233?
False
Does 512 divide 35435520?
True
Is 155984101 a multiple of 91?
True
Is 1440178324 a multiple of 611?
True
Is 27 a factor of 1695704571?
True
Is 229 a factor of 629750?
True
Is 14 a factor of 25636618?
True
Is 1641 a factor of 197922651?
True
Is 828312166 a multiple of 1606?
True
Does 2821 divide 620137977?
False
Is 18299109 a multiple of 15?
False
Is 225603405 a multiple of 15?
True
Is 125 a factor of 46866969?
False
Does 178 divide 193994546?
True
Is 2115968614 a multiple of 3739?
False
Is 62229422 a multiple of 32?
False
Is 834366555 a multiple of 909?
True
Is 19307600 a multiple of 79?
True
Is 6 a factor of 6307172?
False
Is 30696534 a multiple of 1157?
False
Does 32 divide 187599008?
True
Is 648392435 a multiple of 1855?
False
Is 45 a factor of 339176?
False
Is 143 a factor of 58424273?
False
Is 8 a factor of 139369120?
True
Does 96 divide 44827488?
True
Does 4887 divide 1706196713?
False
Does 699 divide 198416742?
True
Does 10 divide 131001150?
True
Does 65 divide 2295433026?
False
Is 4770766 a multiple of 13?
True
Does 17 divide 17830439?
False
Does 159 divide 39416736?
True
Does 1726 divide 40748805?
False
Does 18 divide 142943202?
True
Does 359 divide 9136793?
False
Is 151025807 a multiple of 4111?
True
Is 96813493 a multiple of 7?
True
Is 141357716 a multiple of 161?
False
Is 23097873 a multiple of 29?
False
Is 503 a factor of 1355357644?
True
Is 1059708188 a multiple of 14?
True
Is 13 a factor of 65452232?
False
Is 487849450 a multiple of 275?
True
Is 4 a factor of 769270653?
False
Does 49 divide 100050273?
False
Is 12 a factor of 5685921?
False
Is 45602242 a multiple of 49?
True
Does 5 divide 146507995?
True
Is 40589955 a multiple of 100?
False
Is 10787503 a multiple of 22?
False
Is 42108613 a multiple of 593?
False
Is 77 a factor of 264903851?
False
Is 764479090 a multiple of 47?
False
Is 7 a factor of 52334709?
True
Is 8 a factor of 1614075208?
True
Does 872 divide 344239230?
False
Does 29 divide 103257719?
True
Does 17 divide 137924207?
False
Does 74 divide 138826886?
True
Does 310 divide 50254674?
False
Does 100 divide 10578300?
True
Is 360 a factor of 59973485?
False
Does 228 divide 468336?
False
Does 15 divide 1026432585?
True
Is 25 a factor of 2414540300?
True
Does 236 divide 48774592?
True
Is 167299907 a multiple of 7?
False
Does 155 divide 1674405?
False
Is 186 a factor of 37004530?
False
Is 123 a factor of 3083364?
True
Is 293878153 a multiple of 839?
False
Is 135 a factor of 168121978?
False
Does 475 divide 147630000?
True
Is 710 a factor of 3756680290?
True
Does 255 divide 248627140?
False
Does 1474 divide 1236760568?
False
Does 10 divide 119600457?
False
Is 454 a factor of 346256266?
True
Is 287559932 a multiple of 1186?
True
Is 2734 a factor of 585272848?
True
Is 49 a factor of 53171566?
True
Is 1547 a factor of 4264736221?
False
Does 1001 divide 21275254?
True
Is 1749 a factor of 9593810?
False
Is 115 a factor of 6443360?
False
Does 28 divide 1557190292?
True
Is 62 a factor of 10242958?
True
Is 733 a factor of 354775453?
False
Is 546938208 a multiple of 11?
False
Is 179303458 a multiple of 1551?
False
Is 71304332 a multiple of 236?
True
Does 26 divide 14314950?
True
Does 8 divide 5250738?
False
Is 396 a factor of 85002588?
True
Is 261688536 a multiple of 366?
True
Is 44098368 a multiple of 1984?
True
Is 11637281 a multiple of 659?
True
Is 6379440 a multiple of 12?
True
Does 13 divide 108897504?
False
Is 93 a factor of 350995299?
True
Is 73662672 a multiple of 313?
True
Does 39 divide 25238252?
False
Is 165 a factor of 14217390?
True
Is 933 a factor of 30771552?
False
Does 3 divide 719054223?
True
Is 5491485 a multiple of 9?
True
Does 434 divide 2649440668?
True
Is 2190 a factor of 154016130?
True
Is 13550443 a multiple of 29?
False
Is 16943449 a multiple of 1986?
False
Is 52447997 a multiple of 97?
True
Does 438 divide 53438052?
False
Is 117 a factor of 191384505?
True
Is 1087 a factor of 17802215?
False
Does 23 divide 423511213?
True
Is 883179097 a multiple of 532?
False
Is 18389819 a multiple of 266?
False
Is 15 a factor of 43377630?
True
Does 413 divide 625999794?
True
Does 5 divide 2644191441?
False
Is 79919472 a multiple of 2059?
False
Is 417882898 a multiple of 1095?
False
Is 64 a factor of 2040235136?
True
Is 172 a factor of 33804192?
True
Is 638864 a multiple of 2?
True
Is 9 a factor of 28743702?
False
Does 725 divide 1574181625?
True
Does 15 divide 12261810?
True
Does 480 divide 36554400?
True
Is 115353396 a multiple of 9?
True
Is 217 a factor of 13735558?
False
Does 11 divide 80482820?
True
Is 11 a factor of 175243563?
True
Does 1347 divide 27935433?
True
Is 90758325 a multiple of 21?
True
Is 26 a factor of 2086115522?
False
Is 713768352 a multiple of 176?
True
Is 212250